{"id":3054,"date":"2024-08-05T13:44:21","date_gmt":"2024-08-05T11:44:21","guid":{"rendered":"https:\/\/ilog.nu\/?page_id=3054"},"modified":"2025-03-05T18:01:49","modified_gmt":"2025-03-05T16:01:49","slug":"ny-registrering","status":"publish","type":"page","link":"https:\/\/ilog.nu\/index.php\/ny-registrering\/","title":{"rendered":"Ny Registrering"},"content":{"rendered":"\n<p>Om du inte har lagt upp ett konto skall du g\u00f6ra det h\u00e4r, men d\u00e4refter skall du aldrig \u00e5terv\u00e4nda till denna sida annat om du har flera datorer f\u00f6r el laddning.<\/p>\n\n\n\n<p>Nedan ser du Anv\u00e4ndarnamn eller e-adress om du redan \u00e4r inloggad. \u00c4r du inloggad l\u00e4mna sidan.<\/p>\n\n\n\n<p>Ser du ett antal tomma f\u00e4lt som har med el laddningen att g\u00f6ra s\u00e5 skall du p\u00e5 denna sida fylla i uppgifterna s\u00e5 att du skapar ett konto.<\/p>\n\n\n\n<p><\/p>\n\n\n\n\n<p><div id=\"wpmem_reg\"><a id=\"register\"><\/a><form name=\"form\" method=\"post\" action=\"https:\/\/ilog.nu\/index.php\/ny-registrering\/\" id=\"wpmem_register_form\" class=\"form\"><input type=\"hidden\" id=\"_wpmem_register_nonce\" name=\"_wpmem_register_nonce\" value=\"d9e6f23bc6\" \/><input type=\"hidden\" name=\"_wp_http_referer\" value=\"\/index.php\/wp-json\/wp\/v2\/pages\/3054\" \/><fieldset><legend>Ny anv\u00e4ndarregistrering<\/legend><label for=\"addr1\" class=\"text\">Max belopp f\u00f6r Laddning ON (\u00f6re). Om mindre \u00e4n 20 r\u00e4knar datorn ut max. priser<span class=\"req\">*<\/span><\/label><div class=\"div_text\"><input name=\"addr1\" type=\"text\" id=\"addr1\" value=\"\" class=\"textbox\" placeholder=\"J\u00e4mf\u00f6r spot priser samt ange belopp i \u00f6ren (se handledning). Om mindre \u00e4n 20, tex. 3 r\u00e4knar datorn ut vilka 3 timmar laddning inte skall ske\" required  \/><\/div><label for=\"city\" class=\"text\">Minimum antal timmars laddning<\/label><div class=\"div_text\"><input name=\"city\" type=\"text\" id=\"city\" value=\"\" class=\"textbox\" placeholder=\"Ange nummer 1-24\" \/><\/div><label for=\"thestate\" class=\"text\">Max belopp Laddning Special<\/label><div class=\"div_text\"><input name=\"thestate\" type=\"text\" id=\"thestate\" value=\"\" class=\"textbox\" placeholder=\"Anv\u00e4nds f\u00f6r att styra t.ex. Tapo P115\" \/><\/div><label for=\"country\" class=\"text\">Antal minuter (0-9)<\/label><div class=\"div_text\"><input name=\"country\" type=\"text\" id=\"country\" value=\"\" class=\"textbox\" placeholder=\"Anv\u00e4nds f\u00f6r att ladda vid OFF-l\u00e4ge, se handledning\" \/><\/div><label for=\"addr2\" class=\"text\">Elomr\u00e5de SE (1-4)<span class=\"req\">*<\/span><\/label><div class=\"div_text\"><input name=\"addr2\" type=\"text\" id=\"addr2\" value=\"\" class=\"textbox\" placeholder=\"Endast siffrorna 1-4 kan anges\" required  \/><\/div><label for=\"first_name\" class=\"text\">F\u00f6rnamn<span class=\"req\">*<\/span><\/label><div class=\"div_text\"><input name=\"first_name\" type=\"text\" id=\"first_name\" value=\"\" class=\"textbox\" required  \/><\/div><label for=\"last_name\" class=\"text\">Efternamn<span class=\"req\">*<\/span><\/label><div class=\"div_text\"><input name=\"last_name\" type=\"text\" id=\"last_name\" value=\"\" class=\"textbox\" required  \/><\/div><label for=\"user_email\" class=\"text\">E-post<span class=\"req\">*<\/span><\/label><div class=\"div_text\"><input name=\"user_email\" type=\"email\" id=\"user_email\" value=\"\" class=\"textbox\" required  \/><\/div><label for=\"phone1\" class=\"text\">Telefon dagtid<span class=\"req\">*<\/span><\/label><div class=\"div_text\"><input name=\"phone1\" type=\"text\" id=\"phone1\" value=\"\" class=\"textbox\" required  \/><\/div><label for=\"username\" class=\"text\">V\u00e4lj ett anv\u00e4ndarnamn<span class=\"req\">*<\/span><\/label><div class=\"div_text\"><input name=\"username\" type=\"text\" id=\"username\" value=\"\" class=\"textbox\" required  \/><\/div><label for=\"password\" class=\"text\">L\u00f6senord<span class=\"req\">*<\/span><\/label><div class=\"div_text\"><input name=\"password\" type=\"password\" id=\"password\" class=\"textbox\" required  \/><\/div><div class=\"div_text\">Really Simple CAPTCHA is not enabled<\/div><input name=\"a\" type=\"hidden\" value=\"register\" \/><input name=\"wpmem_reg_page\" type=\"hidden\" value=\"https:\/\/ilog.nu\/index.php\/ny-registrering\/\" \/><div class=\"button_div\"><input name=\"submit\" type=\"submit\" value=\"Registrera\" class=\"buttons\" \/><\/div><div class=\"req-text\"><span class=\"req\">*<\/span>Obligatoriskt f\u00e4lt<\/div><\/fieldset><\/form><\/div> <\/p>\n\n\n\n<p><\/p>\n","protected":false},"excerpt":{"rendered":"<p>Om du inte har lagt upp ett konto skall du g\u00f6ra det h\u00e4r, men d\u00e4refter skall du aldrig \u00e5terv\u00e4nda till denna sida annat om du har flera datorer f\u00f6r el laddning. Nedan ser du Anv\u00e4ndarnamn eller e-adress om du redan \u00e4r inloggad. \u00c4r du inloggad l\u00e4mna sidan. Ser du ett antal tomma f\u00e4lt som har &#8230; <a title=\"Ny Registrering\" class=\"read-more\" href=\"https:\/\/ilog.nu\/index.php\/ny-registrering\/\" aria-label=\"L\u00e4s mer om Ny Registrering\">L\u00e4s mer<\/a><\/p>\n","protected":false},"author":2,"featured_media":0,"parent":0,"menu_order":0,"comment_status":"closed","ping_status":"closed","template":"","meta":{"footnotes":""},"class_list":["post-3054","page","type-page","status-publish"],"_links":{"self":[{"href":"https:\/\/ilog.nu\/index.php\/wp-json\/wp\/v2\/pages\/3054","targetHints":{"allow":["GET"]}}],"collection":[{"href":"https:\/\/ilog.nu\/index.php\/wp-json\/wp\/v2\/pages"}],"about":[{"href":"https:\/\/ilog.nu\/index.php\/wp-json\/wp\/v2\/types\/page"}],"author":[{"embeddable":true,"href":"https:\/\/ilog.nu\/index.php\/wp-json\/wp\/v2\/users\/2"}],"replies":[{"embeddable":true,"href":"https:\/\/ilog.nu\/index.php\/wp-json\/wp\/v2\/comments?post=3054"}],"version-history":[{"count":12,"href":"https:\/\/ilog.nu\/index.php\/wp-json\/wp\/v2\/pages\/3054\/revisions"}],"predecessor-version":[{"id":3173,"href":"https:\/\/ilog.nu\/index.php\/wp-json\/wp\/v2\/pages\/3054\/revisions\/3173"}],"wp:attachment":[{"href":"https:\/\/ilog.nu\/index.php\/wp-json\/wp\/v2\/media?parent=3054"}],"curies":[{"name":"wp","href":"https:\/\/api.w.org\/{rel}","templated":true}]}}