{"id":3159,"date":"2025-03-05T17:21:14","date_gmt":"2025-03-05T15:21:14","guid":{"rendered":"https:\/\/ilog.nu\/?page_id=3159"},"modified":"2025-03-06T10:33:23","modified_gmt":"2025-03-06T08:33:23","slug":"logga-in-pa-befintligt-konto","status":"publish","type":"page","link":"https:\/\/ilog.nu\/index.php\/logga-in-pa-befintligt-konto\/","title":{"rendered":"Logga in p\u00e5 befintligt konto"},"content":{"rendered":"\n<p>Vanligtvis kommer du in automatiskt s\u00e5 att du kan \u00e4ndra parametrarna f\u00f6r el laddning. Men om du inte g\u00f6r det, kan du logga in h\u00e4r. Du skall egentligen inte beh\u00f6va anv\u00e4nda denna sida annat \u00e4n om du har flera datorer f\u00f6r el laddning. Om du har det, b\u00f6r du i st\u00e4llet ha flera e-adresser s\u00e5 att inte trassel uppst\u00e5r.<\/p>\n\n\n\n<p>Det finns ytterligare en anledning att anv\u00e4nda denna sida, om du har skaffat en ny dator eller vill k\u00f6ra programmet (Sparb\u00f6ssan) p\u00e5 en annan dator, d\u00e5 skall du naturligtvis logga in p\u00e5 denna sida innan du kommer \u00e5t alla funktioner.<\/p>\n\n\n\n<p>Om du ser nedan att du \u00e4r inloggad p\u00e5 r\u00e4tt Anv\u00e4ndarnamn eller e-adress skall du omedelbart l\u00e4mna denna sida.<\/p>\n\n\n\n<div id=\"wpmem_login\"><a id=\"login\"><\/a><form action=\"https:\/\/ilog.nu\/index.php\/logga-in-pa-befintligt-konto\/\" method=\"POST\" id=\"wpmem_login_form\" class=\"form\"><input type=\"hidden\" id=\"_wpmem_login_nonce\" name=\"_wpmem_login_nonce\" value=\"b3ad09fd5e\" \/><input type=\"hidden\" name=\"_wp_http_referer\" value=\"\/index.php\/wp-json\/wp\/v2\/pages\/3159\" \/><fieldset><legend>Inloggning f\u00f6r befintliga anv\u00e4ndare<\/legend><label for=\"log\">Anv\u00e4ndarnamn eller e-post<\/label><div class=\"div_text\"><input name=\"log\" type=\"text\" id=\"log\" value=\"\" class=\"username\" required  \/><\/div><label for=\"pwd\">L\u00f6senord<\/label><div class=\"div_text\"><input name=\"pwd\" type=\"password\" id=\"pwd\" class=\"password\" required  \/><\/div><input name=\"a\" type=\"hidden\" value=\"login\" \/><input name=\"redirect_to\" type=\"hidden\" value=\"https:\/\/ilog.nu\/index.php\/logga-in-pa-befintligt-konto\/\" \/><div class=\"button_div\"><input name=\"rememberme\" type=\"checkbox\" id=\"rememberme\" value=\"forever\" \/>&nbsp;<label for=\"rememberme\">Kom ih\u00e5g mig<\/label>&nbsp;&nbsp;<input type=\"submit\" name=\"Submit\" value=\"Logga in\" class=\"buttons\" \/><\/div><\/fieldset><\/form><\/div>\n","protected":false},"excerpt":{"rendered":"<p>Vanligtvis kommer du in automatiskt s\u00e5 att du kan \u00e4ndra parametrarna f\u00f6r el laddning. Men om du inte g\u00f6r det, kan du logga in h\u00e4r. Du skall egentligen inte beh\u00f6va anv\u00e4nda denna sida annat \u00e4n om du har flera datorer f\u00f6r el laddning. Om du har det, b\u00f6r du i st\u00e4llet ha flera e-adresser s\u00e5 &#8230; <a title=\"Logga in p\u00e5 befintligt konto\" class=\"read-more\" href=\"https:\/\/ilog.nu\/index.php\/logga-in-pa-befintligt-konto\/\" aria-label=\"L\u00e4s mer om Logga in p\u00e5 befintligt konto\">L\u00e4s mer<\/a><\/p>\n","protected":false},"author":2,"featured_media":0,"parent":0,"menu_order":0,"comment_status":"closed","ping_status":"closed","template":"","meta":{"footnotes":""},"class_list":["post-3159","page","type-page","status-publish"],"_links":{"self":[{"href":"https:\/\/ilog.nu\/index.php\/wp-json\/wp\/v2\/pages\/3159","targetHints":{"allow":["GET"]}}],"collection":[{"href":"https:\/\/ilog.nu\/index.php\/wp-json\/wp\/v2\/pages"}],"about":[{"href":"https:\/\/ilog.nu\/index.php\/wp-json\/wp\/v2\/types\/page"}],"author":[{"embeddable":true,"href":"https:\/\/ilog.nu\/index.php\/wp-json\/wp\/v2\/users\/2"}],"replies":[{"embeddable":true,"href":"https:\/\/ilog.nu\/index.php\/wp-json\/wp\/v2\/comments?post=3159"}],"version-history":[{"count":9,"href":"https:\/\/ilog.nu\/index.php\/wp-json\/wp\/v2\/pages\/3159\/revisions"}],"predecessor-version":[{"id":3176,"href":"https:\/\/ilog.nu\/index.php\/wp-json\/wp\/v2\/pages\/3159\/revisions\/3176"}],"wp:attachment":[{"href":"https:\/\/ilog.nu\/index.php\/wp-json\/wp\/v2\/media?parent=3159"}],"curies":[{"name":"wp","href":"https:\/\/api.w.org\/{rel}","templated":true}]}}